{"id":38,"date":"2025-07-02T14:48:47","date_gmt":"2025-07-02T14:48:47","guid":{"rendered":"http:\/\/gmtbiok.cluster100.hosting.ovh.net\/?page_id=38"},"modified":"2025-07-02T14:49:01","modified_gmt":"2025-07-02T14:49:01","slug":"notre-vision","status":"publish","type":"page","link":"https:\/\/www.gmt-biopharm.com\/index.php\/notre-vision\/","title":{"rendered":"Notre Vision"},"content":{"rendered":"\n<p>Contribuer durablement \u00e0 l\u2019am\u00e9lioration de la sant\u00e9 publique en garantissant un acc\u00e8s \u00e9quitable et s\u00e9curis\u00e9 aux m\u00e9dicaments essentiels, quel que soit le lieu ou la condition sociale.<\/p>\n","protected":false},"excerpt":{"rendered":"<p>Contribuer durablement \u00e0 l\u2019am\u00e9lioration de la sant\u00e9 publique en garantissant un acc\u00e8s \u00e9quitable et s\u00e9curis\u00e9 aux m\u00e9dicaments essentiels, quel que soit le lieu ou la condition sociale.<\/p>\n","protected":false},"author":1,"featured_media":0,"parent":0,"menu_order":0,"comment_status":"closed","ping_status":"closed","template":"","meta":{"footnotes":""},"class_list":["post-38","page","type-page","status-publish","hentry"],"_links":{"self":[{"href":"https:\/\/www.gmt-biopharm.com\/index.php\/wp-json\/wp\/v2\/pages\/38","targetHints":{"allow":["GET"]}}],"collection":[{"href":"https:\/\/www.gmt-biopharm.com\/index.php\/wp-json\/wp\/v2\/pages"}],"about":[{"href":"https:\/\/www.gmt-biopharm.com\/index.php\/wp-json\/wp\/v2\/types\/page"}],"author":[{"embeddable":true,"href":"https:\/\/www.gmt-biopharm.com\/index.php\/wp-json\/wp\/v2\/users\/1"}],"replies":[{"embeddable":true,"href":"https:\/\/www.gmt-biopharm.com\/index.php\/wp-json\/wp\/v2\/comments?post=38"}],"version-history":[{"count":2,"href":"https:\/\/www.gmt-biopharm.com\/index.php\/wp-json\/wp\/v2\/pages\/38\/revisions"}],"predecessor-version":[{"id":41,"href":"https:\/\/www.gmt-biopharm.com\/index.php\/wp-json\/wp\/v2\/pages\/38\/revisions\/41"}],"wp:attachment":[{"href":"https:\/\/www.gmt-biopharm.com\/index.php\/wp-json\/wp\/v2\/media?parent=38"}],"curies":[{"name":"wp","href":"https:\/\/api.w.org\/{rel}","templated":true}]}}